{"id":262,"date":"2014-01-21T08:02:19","date_gmt":"2014-01-21T06:02:19","guid":{"rendered":"http:\/\/www.fanfarenzug-hohenems.at\/wordpress\/?page_id=262"},"modified":"2018-03-20T17:33:55","modified_gmt":"2018-03-20T15:33:55","slug":"links","status":"publish","type":"page","link":"https:\/\/www.fanfarenzug-hohenems.at\/?page_id=262","title":{"rendered":"Links"},"content":{"rendered":"<h3><span style=\"font-family: Verdana;\">Emser Z\u00fcnfte<\/span><\/h3>\n<p><a title=\"Emser Schlossnarren\" href=\"http:\/\/www.schlossnarren.at\" target=\"_blank\">Emser Schlossnarren<\/a><br \/>\n<a title=\"Fasnatzunft Kidla\" href=\"http:\/\/www.kidla.at.tt\/\" target=\"_blank\">Fasnatzunft Kidla<\/a><br \/>\n<a title=\"Fasnatzunft Ems Reute\" href=\"http:\/\/home.pages.at\/reute\/\" target=\"_blank\">Fasnatzunft Ems Reute<\/a><br \/>\n<a title=\"Emser Palastt\u00e4tscher\" href=\"http:\/\/www.taetscher.at\/\" target=\"_blank\">Emser Palastt\u00e4tscher<\/a><\/p>\n<p><a title=\"Emser Nebelspalter\" href=\"http:\/\/www.nebelspalter.at\/\" target=\"_blank\">Emser Nebelspalter<\/a><br \/>\n<a title=\"Funkenzunft Schwefel Ems\" href=\"http:\/\/www.fz-schwefel.at\/\" target=\"_blank\">Funkenzunft Schwefel Ems<\/a><br \/>\n<a title=\"Erlacher Funkenzunft\" href=\"http:\/\/visintainer.at\/Erlachfunken\/\" target=\"_blank\">Erlacher Funkenzunft<\/a><\/p>\n<h3><span style=\"font-family: Verdana;\">Vorarlberger Z\u00fcnfte<\/span><\/h3>\n<p><a title=\"VVF - Verband Vorarlberger Faschingsz\u00fcnfte &amp; Gilde\" href=\"http:\/\/www.fasnat.com\" target=\"_blank\">VVF &#8211; <em>Verband Vorarlberger Faschingsz\u00fcnfte &amp; Gilden<\/em><\/a><br \/>\n<a title=\"Lumpamusik G\u00f6tzis\" href=\"http:\/\/www.lumpamusik.at\/\" target=\"_blank\">Lumpamusik G\u00f6tzis<\/a><\/p>\n<h3><span style=\"font-family: Verdana;\">Sonstige Z\u00fcnfte<\/span><\/h3>\n<p><a title=\"Guggemusig Robehuuse\" href=\"http:\/\/www.guggemusig-robehuuse.ch\/neu\/\" target=\"_blank\">Guggemusig Robehuuse<\/a><\/p>\n<h3><span style=\"font-family: Verdana;\">Sonstige<\/span><\/h3>\n<p><a title=\"Peko\" href=\"http:\/\/www.peko-werbung.at\/Start.html\" target=\"_blank\">Peko Altach<\/a><\/p>\n","protected":false},"excerpt":{"rendered":"<p>Emser Z\u00fcnfte Emser Schlossnarren Fasnatzunft Kidla Fasnatzunft Ems Reute Emser Palastt\u00e4tscher Emser Nebelspalter Funkenzunft Schwefel Ems Erlacher Funkenzunft Vorarlberger Z\u00fcnfte VVF &#8211; Verband Vorarlberger Faschingsz\u00fcnfte &amp; Gilden Lumpamusik G\u00f6tzis Sonstige Z\u00fcnfte Guggemusig Robehuuse Sonstige Peko Altach<\/p>\n","protected":false},"author":2,"featured_media":0,"parent":0,"menu_order":9,"comment_status":"closed","ping_status":"closed","template":"","meta":{"footnotes":""},"class_list":["post-262","page","type-page","status-publish","hentry"],"_links":{"self":[{"href":"https:\/\/www.fanfarenzug-hohenems.at\/index.php?rest_route=\/wp\/v2\/pages\/262","targetHints":{"allow":["GET"]}}],"collection":[{"href":"https:\/\/www.fanfarenzug-hohenems.at\/index.php?rest_route=\/wp\/v2\/pages"}],"about":[{"href":"https:\/\/www.fanfarenzug-hohenems.at\/index.php?rest_route=\/wp\/v2\/types\/page"}],"author":[{"embeddable":true,"href":"https:\/\/www.fanfarenzug-hohenems.at\/index.php?rest_route=\/wp\/v2\/users\/2"}],"replies":[{"embeddable":true,"href":"https:\/\/www.fanfarenzug-hohenems.at\/index.php?rest_route=%2Fwp%2Fv2%2Fcomments&post=262"}],"version-history":[{"count":11,"href":"https:\/\/www.fanfarenzug-hohenems.at\/index.php?rest_route=\/wp\/v2\/pages\/262\/revisions"}],"predecessor-version":[{"id":1609,"href":"https:\/\/www.fanfarenzug-hohenems.at\/index.php?rest_route=\/wp\/v2\/pages\/262\/revisions\/1609"}],"wp:attachment":[{"href":"https:\/\/www.fanfarenzug-hohenems.at\/index.php?rest_route=%2Fwp%2Fv2%2Fmedia&parent=262"}],"curies":[{"name":"wp","href":"https:\/\/api.w.org\/{rel}","templated":true}]}}